. Let f = y + 34. What is the tens digit of f?
3
What is the hundreds digit of ((-4)/5)/((-3)/390)?
1
Let f(k) = k**2 + 3*k - 5. Let z be 6/(-39) - (-63)/(-13). Let a be f(z). Suppose 85 = a*p + y + 4*y, 3*y - 21 = -p. What is the tens digit of p?
1
Let g(a) = -a - 2. What is the units digit of g(-11)?
9
Let m(h) be the first derivative of -h**4/4 + 2*h**3/3 + h**2 - 2*h - 1. Let j = -10 - -12. What is the units digit of m(j)?
2
Let p(f) = -f + 5. Let q be p(7). Let o(s) = -s**2 - 8*s - 5. Let h be o(-3). Let d = h - q. What is the units digit of d?
2
Let m = 15 - 13. Suppose -m*l = 3*l - 50. What is the tens digit of l?
1
Suppose 2*c + 3 + 15 = 2*b, 3*c = -5*b + 29. Let i(u) = -u**2 + 1. Let s be i(b). What is the tens digit of (12/(-16))/(3/s)?
1
Suppose 2*a + 0*a - 42 = 0. What is the units digit of a/1 + 9 + -12?
8
Let b(a) = -a**2 + 5*a + 6. Let l be b(5). Let x = l + 1. What is the units digit of x?
7
What is the tens digit of (24/(-10))/((-7)/35)?
1
Let j = -62 + 44. Let x = -14 - j. What is the units digit of x?
4
Let a(k) = -21*k - 55. Let c(o) = 4*o + 11. Let v(u) = -2*a(u) - 11*c(u). What is the units digit of v(-8)?
5
Suppose 5 = s - 1. What is the units digit of s?
6
Suppose -2*k + 0*k - 156 = -5*i, 0 = -4*i + 4*k + 120. What is the tens digit of i?
3
What is the tens digit of (2/4)/(13/2236)?
8
Let t = -3 + 3. Let o(k) = k + 2. Let w be o(t). Suppose 0 = -w*l - l + 18. What is the units digit of l?
6
Let s = -21 - -92. Suppose 1 = -2*r + s. What is the tens digit of r?
3
Suppose -4*q + 24 = 2*m - 4, -3*m = -q + 7. Suppose 2 - q = -a. What is the units digit of a?
5
Let c = -14 - -38. Let u = c + -5. What is the tens digit of u?
1
Suppose k = -0*k + 4. Suppose -35 - k = -3*h. What is the units digit of h?
3
Let q(m) = -m + 7*m**2 - 3*m + 2*m + 3*m. What is the tens digit of q(2)?
3
Suppose -6*o = -2*o - 4. Suppose 0*c - o = -c. What is the units digit of -2 + 5 + 2/c?
5
Let h(p) = -3*p**2 + 9*p - 14. Let u be h(6). What is the units digit of (9/(-2) + 4)*u?
4
Let c(a) = a**3 - 5*a**2 - 5*a - 6. Let l = -10 - -16. Let x be c(l). Suppose x = -g + 6*g - 10. What is the units digit of g?
2
Suppose 5*s - 410 = -3*h, -148 = -s - s + 2*h. What is the tens digit of s?
7
Let q be 40/2 - (-1 - 25/(-5)). Suppose -p = p - 4. Suppose 5*s = -3*b + 45, -10 - q = -3*s - p*b. What is the units digit of s?
2
Suppose 0 = 5*a + 35. Let w be -36*(a/(-4))/(-1). What is the tens digit of w/(-12)*(-16)/6?
1
Let f(k) = k**3 + 8*k**2 + k. What is the units digit of f(-4)?
0
Let i(o) = -o**3 - 5*o**2 - 2*o - 5*o - 1 - 3. Let d be i(-4). Suppose n = -b + d, 5*b + 44 = 4*n - 2*n. What is the tens digit of n?
1
Suppose -3*i = -4*g + 12, 5*i + 4*g - 1 - 11 = 0. Suppose i*y = -2*y + 24. What is the units digit of y?
2
Let i(p) be the third derivative of -1/15*p**5 - 1/6*p**4 + 0*p + 5/6*p**3 + 2*p**2 + 0 + 1/120*p**6. What is the tens digit of i(5)?
1
Suppose -3*c - 3*g = -135, -3*c + 4*g - 3*g + 127 = 0. What is the units digit of c?
3
Let j(b) = -2*b - 15. Let x be j(-9). Suppose -3*s + 15 = 0, -4*m - x*s + 211 = -0*m. What is the tens digit of m?
4
Suppose 4*k + d - 28 = 0, d - 3 = 1. Suppose -b + k = -0. What is the units digit of b?
6
Let n(m) = m + 19. Let s be n(-11). Suppose o - 4*w + 0*w = -s, -17 = -2*o - 3*w. What is the units digit of o?
4
Suppose 2*t + 6 = 4*t. Suppose 0 = -2*p - p - t. What is the units digit of 1 - (p - -2)*-2?
3
Suppose -12*s + 10*s + 88 = 0. What is the tens digit of s?
4
Let w be (-3)/(-2)*(-14)/21. Let d(r) = 15*r**2 - r. What is the units digit of d(w)?
6
Suppose -5*x + 3*x = -10. Suppose -37 = x*m - 212. What is the units digit of m?
5
What is the tens digit of ((-160)/6)/((-13)/39)?
8
Let d = 52 - 33. What is the tens digit of d/(0 - -1 - 0)?
1
Let u be -1 + -7 + 2/(-1). What is the units digit of ((-4)/u)/((-2)/(-30))?
6
Suppose -4*g + 336 = 9*s - 8*s, 3*g = -4*s + 265. What is the tens digit of g?
8
Suppose -4*x + 652 = 4*c, -4*x + 5*x = c + 159. What is the tens digit of x?
6
Let s = 6 + -17. Let a = 4 + s. Let o = 15 + a. What is the units digit of o?
8
Let c = 7 + -3. Let d(y) = 4*y + 4*y - 5*y. What is the tens digit of d(c)?
1
Let z(m) = -9 + 6*m + 10*m**3 - 8*m**3 + 7*m + 11*m**2 - 3*m**3. What is the units digit of z(12)?
3
Let m(g) = -3*g + 58. What is the tens digit of m(0)?
5
Let a be (4/5)/((-4)/(-10)). Suppose a*l = -4 + 2. What is the units digit of 1 + (l - (-7)/1)?
7
Let p = -3 - 1. Let q = 21 + p. What is the units digit of q?
7
Suppose 2*r - 4*v + 10 = 0, r + 3*v - 10 = 2*r. Let u = -3 + r. Suppose -y - u = -3. What is the units digit of y?
1
Let p = 8 - 5. What is the units digit of p?
3
What is the tens digit of (-2)/10 + (-1342)/(-10)?
3
Suppose -4*h = h - 210. What is the tens digit of h?
4
Let u(b) = -5*b**2 + 5*b - 4. Let m be u(3). Let q = m - -48. What is the units digit of q?
4
Let a = -6 + 12. What is the units digit of a?
6
Let h = 20 - 11. Let w(f) = -4 - 2 + 0 + f + 3. What is the units digit of w(h)?
6
Let q(v) = v**3 + 11*v**2 - v - 11. Let u be 2/6 + 34/(-3). Let t be q(u). Suppose 9 + t = 3*x. What is the units digit of x?
3
What is the tens digit of 41 + 4 + -7 + 0?
3
What is the units digit of 1/(2/(-304)*-2)?
6
Suppose 2*y + 12 = 84. What is the units digit of y?
6
Let z be 1 + -2 + (-2 - -5). Suppose p = -z*p + 63. What is the tens digit of p?
2
Suppose -295 = 9*g - 14*g. What is the units digit of g?
9
Let c be -2*(7 + -2)*1. Let x = c - -16. Suppose -x*o + 32 = -2*o. What is the units digit of o?
8
Let t = 15 + -13. Suppose 3*u - c = 32, -7*u + 52 = -t*u - 2*c. What is the units digit of u?
2
Suppose -2*h + 2*m + 860 = -m, -2*h + 858 = -2*m. What is the tens digit of h?
2
Suppose -3*m + 13 = 1. Let g be 6 - (-2)/m*-6. What is the units digit of 2*(-2 + g) - -1?
3
Let d = 38 - 6. Let t = d - 22. What is the tens digit of t?
1
Let n(f) = f**3 - 12*f**2 + 40*f - 16. What is the hundreds digit of n(9)?
1
Suppose 5*g - g = 20. Suppose 0 = -4*o + 2*i + 84, o - g*i = 2*o - 10. What is the units digit of o?
0
Let h = 432 - 281. What is the hundreds digit of h?
1
Suppose 39 = -5*s - 0*f + 2*f, -3*s - 33 = 2*f. Let w = 8 - s. Let t = 26 - w. What is the units digit of t?
9
Suppose -358 = -6*t - 94. What is the units digit of t?
4
Let f be 0 + 1 + 3*-1. Suppose 4*j - 3*j = 3. Let t = f + j. What is the units digit of t?
1
Let c be (-1)/(((-3)/1)/(-3)). What is the units digit of 1/((-9)/(-8) + c)?
8
What is the tens digit of (-12)/66 - (-1016)/22?
4
Let f(o) = -o. Let x(r) = -r + 1. Let u be x(1). Let y be f(u). Let m = 8 - y. What is the units digit of m?
8
Let f = 61 - 31. What is the units digit of f?
0
Suppose 2*d - 3*q + 4*q = 496, 0 = -5*d + q + 1226. Suppose d = 3*f + 3*f. What is the units digit of f?
1
Let o(a) = a**2 + a - 7. Let v = 7 + -12. What is the tens digit of o(v)?
1
Let n = -1 - -3. Suppose 3*m = 2*c + 38, -n*m - 2*c = 2*m - 60. What is the tens digit of m?
1
Let c(k) = -2*k - 3. Let d be c(5). Let v = d - -20. Suppose -5*o + 33 + v = 0. What is the units digit of o?
8
Suppose o + h = -o - 10, 4*h = 5*o + 38. What is the units digit of ((-2)/o)/(3/9)?
1
Suppose 4*b = 4*w + 48, 2*b - w - 18 = -2*w. Suppose c + b = 3*c. What is the units digit of c?
5
Let r(c) = 3*c**2 - 2*c - 2. What is the tens digit of r(3)?
1
Let s be (4/6)/(12/558). Let d = 61 - s. What is the tens digit of d?
3
Let r(y) = y**3 - 3*y**2 - 3*y - 4. What is the units digit of r(5)?
1
Let l = 9 + 3. What is the units digit of 87/9 + (-8)/l?
9
Let s = 10 - 13. What is the tens digit of s/(-6)*(40 + 2)?
2
Suppose 0 = 3*h - 18. Suppose 2*y - b - 13 = h, y - b - 9 = 0. What is the units digit of y?
0
Suppose -3*w - 5*g = 8, -6*g - 24 = -w - g. Suppose -4*n = w*y + 12, 3*y + 4*n + 12 = 4*y. What is the units digit of 1/(y + 1/5)?
5
Let m(p) = p**3 - 3*p**2 + 3*p + 3. What is the units digit of m(3)?
2
Let i(h) = -h + 6. What is the tens digit of i(-10)?
1
Let b be (-1 + 0)/((-1)/2). Suppose 4*d - 17 = -b*j - d, 3*d = -j + 8. What is the tens digit of j?
1
Let i be (-4)/(-4)*(0 + 0). Suppose i = 2*s - 3 - 7. Suppose -3*z - s*y = -30, 0*y = 4*y. What is the units digit of z?
0
Suppose 3*w = 2*y + 50, -2*w + w + 5*y = 5. Suppose -w = -i + 12. What is the tens digit of i?
3
Let m = -4 + 2. What is the units dig